 p + -6. Let w(q) = -q**2 - 13*q - 16. What are the prime factors of w(o)?
2, 3
Let m = -100 + 101. Let q be m/(4 + (-18)/4) + 2. List the prime factors of (-56)/(-3)*(3 - q).
2, 7
Suppose 5*k + 2*g = 6287, -5*k - 2*g = -6*g - 6281. Let o = k + -702. What are the prime factors of o?
3, 5, 37
Let s = 351 + -143. What are the prime factors of (-104)/26 + 0 + s/1?
2, 3, 17
Let p = -66331 - -109896. List the prime factors of p.
5, 8713
Let n be -1 + 18/12*(-20)/(-6). Suppose -3*o - n*t - 10 = 0, -6*o - 5*t - 8 = -3*o. What are the prime factors of 4/o - (-779)/3?
7, 37
Let n(m) = m**2 - 18*m + 70. Let h be n(13). Suppose -2*i = -c - 26, h*c + 31 = -5*i + 6*i. What are the prime factors of i?
11
Let t = 19450 + -13746. What are the prime factors of t?
2, 23, 31
Let a = 172049 + -85613. What are the prime factors of a?
2, 3, 7
Let q(z) be the second derivative of z**2 + 6*z + 0 + 0*z**4 + 1/3*z**3 - 157/20*z**5. List the prime factors of q(-1).
157
Let j(b) = 79*b**2 - 6*b - 2. Let y(s) = -s**3 + 7*s**2 + 3*s - 24. Let v be y(7). Let i be j(v). Let q = i - 493. List the prime factors of q.
2, 3, 13
Let c be ((-18)/3*-2)/(8 - 7). What are the prime factors of (c - 6) + (-525)/(-5)?
3, 37
Suppose 147*m = 149*m. Suppose m = -2*o - 392 + 1070. List the prime factors of o.
3, 113
Suppose -2*g + 5*z + 14 = 4*z, 5*z - 8 = -3*g. Suppose -5*f = -s - 1147, 2*f - 2*s + g*s = 450. What are the prime factors of f?
229
Suppose 3*d - 2*d = 0, i + 3*d = 26. Suppose 2*s + i = 5*p - p, 0 = -2*p - 10. Let f = s - -31. List the prime factors of f.
2
Let a(u) = 3*u + 12. Let m be a(-3). Let z = m - -1. Suppose -3 = -z*i + 61. What are the prime factors of i?
2
Suppose 3*g - 2 = 2*g. Suppose 2*j + 3*j - 3*s = 1467, 602 = g*j - 5*s. What are the prime factors of j?
3, 97
What are the prime factors of ((-115)/(-2))/(160/1664)?
2, 13, 23
Suppose 64335 = 89*b + 21348. What are the prime factors of b?
3, 7, 23
List the prime factors of 34 - (7 - -14) - -13277.
2, 3, 5, 443
Let p(a) = a**2 - 31*a - 141. Let v(g) = -31*g - 142. Let n(x) = 5*p(x) - 6*v(x). List the prime factors of n(-14).
3, 7, 11
Let q(t) = -t**3 - 2*t**2 - t - 13. Let x be q(-9). Let p be 160*((-80)/(-64) + (1 - 0)). Let f = x - p. What are the prime factors of f?
7, 29
Let o = 39 + -1. List the prime factors of (0 - o/4)*6608/(-56).
19, 59
Let r(j) = j**2 - 5*j + 11. Let q be r(5). Suppose 5*g = -3*i + q, -3*g + 5*i - 8*i = -9. Let n(o) = 159*o**3 - o**2 + 5*o - 4. List the prime factors of n(g).
3, 53
Suppose l + 5*h + 6806 = 22507, -5*l + 3*h + 78505 = 0. List the prime factors of l.
7, 2243
Let l = -969 + 377. List the prime factors of 48/6 + -9 - l.
3, 197
Suppose 5*f + 2*u = 13251, 3*f + 5*u + 7932 = 6*f. Suppose -f - 3095 = -4*i. List the prime factors of i.
2, 359
Suppose 19*a + 348 + 51 = 0. Let o = 1005 + a. What are the prime factors of o?
2, 3, 41
Let i be 1/(87/(-90) - 0 - -1). Suppose i*h - 31*h + 98 = 0. List the prime factors of h + -2 + 0/10.
2, 3
Suppose 0 = 3*h - 9*h. Suppose s + 2 = h, 4*s = 6*w - 7*w + 9. What are the prime factors of w?
17
Let g(j) = 17*j**2 + 20*j + 97. Let n be g(-7). Let i = n + -413. List the prime factors of i.
13, 29
What are the prime factors of (1014 + 11 + -26)*24?
2, 3, 37
Suppose 16*y + 356727 = -20*y + 1291467. What are the prime factors of y?
3, 5, 577
Suppose 191 = -8*i + 63. Let r(f) = -17*f + 21. What are the prime factors of r(i)?
293
Let k(w) = -2*w**3 - 34*w**2 + 31*w + 17. What are the prime factors of k(-29)?
2, 3, 3217
Let m = -31 - -36. Suppose -j + 304 = -m*h, 2*j + h - 2*h = 581. What are the prime factors of j?
17
Suppose 24*r = -16*r + 7760. Suppose -201 = -2*s - 4*f - f, 314 = 3*s - 5*f. Let x = r - s. List the prime factors of x.
7, 13
Let w(v) = -54*v + 73 + v - 149 - 2*v. What are the prime factors of w(-5)?
199
Let i(a) = -a**2 + 9*a + 12. Let d be i(10). List the prime factors of (-1)/(d*(-3)/3558).
593
List the prime factors of 4*57/8*(-460630)/(-219).
5, 19, 631
Let i(v) = 20728*v**3 - 60*v**2 + 61*v - 1. What are the prime factors of i(1)?
2, 2591
Suppose -14*f + 4066440 = 154*f. What are the prime factors of f?
5, 47, 103
Suppose 9*c + 15 = 6. What are the prime factors of ((-57 - c) + 0)/(18/(-63))?
2, 7
Let u = -21812 - -82132. What are the prime factors of u?
2, 5, 13, 29
Suppose 11*m = 4319 + 10905. List the prime factors of m.
2, 173
Suppose -4*d + 5*i + 30172 = 0, 39*i - 35*i = -d + 7564. What are the prime factors of d?
2, 3, 17, 37
Let t(n) be the third derivative of n**5/3 + 5*n**4/12 - 35*n**3/6 - 18*n**2 - 4*n. List the prime factors of t(4).
5, 13
Suppose -2*n + 9*n - 6965 = 0. Suppose 13*c = 8*c + n. Suppose 2*p - 2 = 0, -4*b + 174 = -3*p - c. List the prime factors of b.
2, 47
Let v be 345/(-6)*(-8)/10. Let t(c) = 101*c + 3944. Let z be t(-39). List the prime factors of v/((1/z)/(5/10)).
5, 23
Let q be ((1 - -7) + 1)/(2 - 1). Suppose d = q*d - 16. Let s(k) = 15*k**2 - k - 1. What are the prime factors of s(d)?
3, 19
Suppose 326 + 689 = y + 4*v, -4*y = 3*v - 4008. What are the prime factors of y?
3, 37
Let q(m) = -5561*m + 931. List the prime factors of q(-2).
17, 709
Suppose 15 = 4*g + c, -4*c = g - 9*c - 30. Let x(f) = 2*f**3 + f**2 - 3*f + 2. What are the prime factors of x(g)?
2, 131
Let i(z) = 47*z**2 - 313*z + 147. List the prime factors of i(42).
3, 7, 3329
Let k(n) = -n**3 - 32*n**2 + 40*n - 99. Let t = -181 + 147. What are the prime factors of k(t)?
853
Let c(t) = -9 - 14*t + 0*t + 10*t**2 + 0*t - 27. List the prime factors of c(-5).
2, 71
What are the prime factors of (-22 - -15737) + (23 - 3)?
3, 5, 1049
Suppose -3*a - 5 = -4*a. Suppose -4*f - a*b + 1293 = -2*f, -5*f = -4*b - 3315. Suppose -f = -5*z - i, 3*i - 67 = -z + 76. What are the prime factors of z?
131
Suppose 3*g - 2143 = 737. Suppose -2*u - 5*s = -483, -3*u = u + 4*s - g. Suppose 337 = 4*n - u. What are the prime factors of n?
2, 3
Let i be 0 + 1 + (-190065)/(-15). Suppose 8*z - 19*z = -i. List the prime factors of z.
2, 3
Let s(h) = h + 3. Let z be s(-7). Let r be 3/(-4) - z/((-16)/(-1303)). List the prime factors of (r/(-45) - -7) + (-2164)/(-18).
2, 3, 5
Suppose 8*a + 2432 = 7312. What are the prime factors of ((-12)/(-8))/(3/a)?
5, 61
Suppose -20 = 5*t, 0*f - 3*t - 30 = -3*f. Let d = 32 - f. Suppose -14 = -j - 2*p, 0 = j - p + 6 - d. List the prime factors of j.
2, 3
Let h = 65501 + 794. List the prime factors of h.
5, 13259
Suppose -z = 15*l - 12*l - 5113, -4*l + 25565 = 5*z. Suppose -10*u + z + 6917 = 0. List the prime factors of u.
3, 401
Let m(x) = -24*x + 121. Suppose 21*f - 16*f = -150. List the prime factors of m(f).
29
Let y = -324 + 326. Suppose 5*p - 5*q = 265, -112 = -2*p - y*q + 10. List the prime factors of p.
3, 19
Suppose 1890 = 5*l - 5*r, 3*l + 5*r - 1170 = -36. Let b = -260 + l. What are the prime factors of b?
2, 59
What are the prime factors of ((152575/75)/(2/6))/((-7)/(-14))?
2, 17, 359
Suppose -q = -0 + 4, 0 = 5*t + 2*q - 182. Let l = t - 35. Suppose -2*v = -3*o + 48 - 115, 143 = l*v + 4*o. What are the prime factors of v?
41
Suppose 3*x = -4*j + 88, 8*j - 4*x = 7*j + 22. Let g(a) = 14*a - 20. List the prime factors of g(j).
2, 3
Let b(m) = 46*m + 27. Let g be b(-6). What are the prime factors of 1 - (g - (-1 + -4))?
5, 7
Let f be 1*86/(-3)*54/(-36). Suppose -f*w = -47*w + 392. List the prime factors of w.
2, 7
Let s(x) = 4308*x**2 - 3*x + 62. What are the prime factors of s(4)?
2, 7, 13, 379
Suppose 120*o - 50*o - 38640 = 0. List the prime factors of o.
2, 3, 23
Suppose -4*b - 3974 = -3*j - 13253, b + 2*j - 2306 = 0. Let o = b - 1649. What are the prime factors of o?
23, 29
Suppose w = -0 - 3. Let l be 5/(((-3)/5)/w). Suppose -2*n - 20 = 2*n, 3*m - 2*n - l = 0. What are the prime factors of m?
5
Let y be (-2 - 4440/22) + (-44)/242. Let d = y + 560. What are the prime factors of d?
2, 89
Let z = -9 + 13. Suppose 4*m + z*t - 3168 = 5*t, -3*t = -5*m + 3953. List the prime factors of m.
13, 61
Let b(h) = 2*h**3 - 2*h**2 - 4*h + 2. Let p be b(2). Suppose -5330 = -3*z - z + p*d, -4*z = -3*d - 5325. List the prime factors of z.
3, 5, 89
Let l = 76 + -64. Let d be (-6)/15 - l/20. What are the prime factors of (0 - d)*(-3 - -114)?
3, 37
Let v = -534 - -1331. List the prime factors of v.
797
Let g be (2 - (-234)/4) + (-3)/(-6). S